 - 3*p. Let y be n(3). Let a be ((-6)/(-9))/(6/y). Let b(t) = 8*t**2 - 2*t - 1. Calculate b(a).
9
Let z be 1/(-2)*(-15 + 3). Suppose -z + 18 = -x. Let n = -8 - x. Let b(c) = -2*c + 5. What is b(n)?
-3
Let i(b) be the third derivative of -b**6/120 + b**4/6 + b**3/2 + 2*b**2. Let w = 309 - 311. Give i(w).
3
Let n(u) = -u + 4. Let j be n(3). Let x = 3 - j. Let y(t) = -3*t**2 + 6*t**x + t + 4*t**2 + 2 - 4*t**2 + t**3. What is y(-2)?
4
Suppose -3*p + 9 = 3*z, 0*p - 3*p - 5*z = -7. Suppose p*a - 12 = a. Let j(b) = b + 2. Let q(t) = 2*t + 4. Let i(c) = -13*j(c) + 6*q(c). What is i(a)?
-6
Let j = -16 + 9. Let h(o) = -10*o**2 - 24*o - 11. Let c(a) = -7*a**2 - 16*a - 7. Let w(d) = j*c(d) + 5*h(d). Calculate w(-5).
9
Let g(q) = 3*q**3 - 8*q**2 + 5*q + 1. Let v(p) = -8*p**3 + 23*p**2 - 15*p - 3. Let k(f) = 11*g(f) + 4*v(f). Give k(-5).
-1
Let s(o) = o**3 - o**2 + 2*o - 2. Suppose 4*r = q - 6, 4*q - 8 = 5*r + 5. Determine s(q).
6
Suppose 7*d - 52 = -31. Let w(l) = -3*l. Determine w(d).
-9
Let f be 9/(-4) + (-3)/(-12). Let r(n) be the second derivative of n**6/720 + n**5/60 - n**4/12 + 6*n. Let y(j) be the third derivative of r(j). Give y(f).
0
Let t(f) = f**3 + f - 1. Let b(h) = 10*h**3 + h**2 + 3*h - 4. Suppose w = -0 - 4. Let c(x) = w*t(x) + b(x). Suppose 0 = 4*i - 2 - 2. What is c(i)?
6
Let n(k) = -k + 1. Let v be n(-3). Let f(x) = -x**2 + x - 5. Give f(v).
-17
Let r(n) be the second derivative of n**8/6720 - n**7/630 + n**6/144 - n**5/20 - n**4/6 + 2*n. Let q(i) be the third derivative of r(i). Give q(4).
14
Let x = -59 + 55. Let v(s) = 2*s**2 + 6*s. Give v(x).
8
Let m(v) = -3*v**2 + 3*v + 5. Let t(u) = 5*u**2 - 4*u - 8. Let y(k) = -8*m(k) - 5*t(k). What is y(-5)?
-5
Suppose -2*h + 4*h - 4 = 0. Suppose 2*j + h + 3 = 5*g, g = 2*j + 9. Let r(i) = 2*i**3 + 0*i + 2*i**2 - 1 + 0*i. Give r(g).
-1
Let l(n) be the first derivative of n**4/4 - 5*n**3/3 - 7*n**2/2 + 4*n - 1. Suppose 0 = 3*f - 5*x - 13, -5*f + 3*x + 35 = 8*x. Give l(f).
-2
Let r(y) = -5*y**3 + 7*y**2 - 6*y. Let a(j) = 5*j**3 - 6*j**2 + 5*j. Let s(n) = 6*a(n) + 5*r(n). Calculate s(1).
4
Let x(y) = 3*y**2 + 7*y - 12. Let v(s) be the first derivative of 5*s**3/3 + 5*s**2 - 18*s - 3. Let m(u) = 5*v(u) - 8*x(u). Calculate m(4).
-2
Let r(p) = 11*p**3 + 6*p**2 - 10*p - 9. Let q(a) = 5*a**3 + 3*a**2 - 5*a - 4. Let w(l) = -13*q(l) + 6*r(l). Let u be 6/(-8)*(-5 - -1). Give w(u).
13
Let q(w) be the third derivative of w**5/60 - 5*w**4/12 + w**3/3 - 49*w**2. Calculate q(9).
-7
Let g be 7 + 1 + (-2)/(-1). Let t(q) = -4*q + 17 + q - g. Give t(5).
-8
Let o(t) be the third derivative of 0 + t**2 + 1/24*t**4 + 0*t + 2/3*t**3. Suppose 0*w - w = 0. Determine o(w).
4
Suppose -6 = -3*w + 6. Let s(z) = 4*z - 24 + 20 - 2. Determine s(w).
10
Let o(j) be the first derivative of -1/2*j**2 + 4*j - 2. Let l be (8/6)/((-4)/(-12)). Determine o(l).
0
Suppose 5*m + 2*o = -19, -2*m + 5*o - 3*o = 16. Let s be 1/m - (-2)/10. Let z(x) = -x + 0*x + s*x - 1 + 2*x. Give z(-3).
-4
Let d(p) = p**2 - 4*p + 6. Let o be d(3). Let i(l) = -l**2. Determine i(o).
-9
Suppose -b = 5, -5 = 2*d - 6*d + b. Let v(i) be the second derivative of d + 1/6*i**3 + 3*i + 0*i**2. Give v(2).
2
Suppose 0 = -3*u - 4*y + 65, -5*y - 50 = -9*u + 4*u. Suppose -3*h - u = -8*h. Suppose 3*l + 0*l = h. Let j(s) = 2*s**3. Give j(l).
2
Let b = 0 + -1. Let g(y) be the first derivative of -4*y**3/3 + y + 4. What is g(b)?
-3
Let g(a) be the first derivative of a**5/120 - 5*a**4/24 + a**3/3 + 1. Let y(z) be the third derivative of g(z). What is y(5)?
0
Let t(c) = -c**3 - 6*c**2 - 6*c - 5. Let w be t(-5). Let b(s) be the first derivative of -4 - 1/3*s**3 - 1/2*s**2 - s. Calculate b(w).
-1
Let d(k) = 4*k**2 + k**2 + 2*k**2. Suppose -6*o = -o - f + 1, o + f + 5 = 0. What is d(o)?
7
Let w(l) = l**2 - 6*l - 6. Let u(h) = -h**3 - h**2 - 3*h - 2. Let q be u(-2). What is w(q)?
10
Let a(p) = p + 1. Let s(d) = 2*d + 4. Let q(c) = 3*a(c) - s(c). Give q(-2).
-3
Let a(j) be the second derivative of -j**3/3 + 2*j**2 - 2*j. Let p = 112 + -108. Calculate a(p).
-4
Suppose 2 = 4*r - 2. Let a(v) = 7*v + 4 - 6 + 1. Give a(r).
6
Suppose 19 = -4*b + 3. Let x = b + 6. Let n(j) = 2*j + 1. Calculate n(x).
5
Let w(a) be the third derivative of a**4/3 - a**3/6 + 13*a**2. Determine w(-1).
-9
Let i(j) be the third derivative of j**5/60 - j**4/6 + j**3/2 - 3*j**2. Let t(x) = -x**2 + 7*x + 10. Let y be t(8). What is i(y)?
-1
Let u(a) = 2*a - 2*a**2 + 0*a + 26*a**3 - 1 + 0*a - 23*a**3. Give u(1).
2
Suppose j - 5*y + 14 = 0, -3*j + 4*y = -y + 2. Let n(x) = j*x**3 - 1 + 2*x**2 - 5*x**3 + 6*x**3. Suppose -5*g + 11 = 4*s, 3*s - 3*g = -19 + 7. Calculate n(s).
-6
Let u(t) = -t + 3. Let a(r) = r - 2. Let n(z) = 3*a(z) + 2*u(z). What is n(3)?
3
Let m(w) = 3*w**3 - 8*w**2 + 1. Let t(q) = 9*q**3 - 23*q**2 + q + 2. Let y(s) = 11*m(s) - 4*t(s). Determine y(2).
-13
Let c(r) = -3*r**3 + 2*r**2 + 2*r. Let l(o) = 4*o**3 - 3*o**2 - 2*o. Let m(j) = -3*c(j) - 2*l(j). Give m(2).
4
Let a(j) = -j**2 - j. Let l(d) = 22*d**2 + 18*d. Let u(p) = -72*a(p) - 4*l(p). What is u(1)?
-16
Let t(y) be the third derivative of -y**6/120 - y**5/10 - y**4/6 - y**3/6 - 16*y**2. Let x be 54/(-10) - 4/(-10). Calculate t(x).
-6
Suppose 4*i + i = -5*u + 5, -8 = -2*u + 4*i. Let w(g) = 3*g**2 + 9 + 0*g + u*g - 8. Calculate w(-2).
9
Let i(b) = 13*b**2 - 3*b + 9. Let q = -6 - -12. Let y(t) = -7*t**2 + 2*t - 5. Let k(x) = q*i(x) + 11*y(x). Calculate k(-5).
4
Suppose -9 = r + 2*r. Let k = -1 + 2. Let h(m) = -k + 2*m - m - 1. Determine h(r).
-5
Let x(z) = z**2 - 7*z + 2. Let s be x(6). Let c be (-6)/s*8/(-3). Let j be c*(5/(-4) - -2). Let o(d) = -d**3 - 4*d**2 - 2*d - 1. Determine o(j).
-4
Let l(b) be the third derivative of 0 + 0*b**3 + 4*b**2 + 0*b + 0*b**4 + 1/40*b**6 - 1/60*b**5. What is l(1)?
2
Let y = 341/20 + -17. Let h(f) be the second derivative of 2*f - f**2 + y*f**5 + 1/6*f**4 + 0 - 5/6*f**3. Calculate h(-3).
4
Let g = 8 + -7. Let t(x) = 4 - 20*x + 21*x - g. Give t(3).
6
Let h(a) be the third derivative of 0 + 0*a**4 + 4*a**2 - 1/120*a**6 + 0*a + 1/30*a**5 + 1/3*a**3. Give h(2).
2
Let s be (-1)/4 + (-28)/16. Let q be (-20)/(-8)*s + -1. Let o(c) = c**2 + 6*c + 3. Determine o(q).
3
Suppose 5*r - r + 16 = 0. Let k(m) be the second derivative of -m**3 + m**2/2 + m. Let i(l) = 5*l. Let c(z) = 5*i(z) + 4*k(z). Calculate c(r).
0
Suppose m + 0*m - 5*a + 17 = 0, 5*m - 3*a - 3 = 0. Let k(g) = -1 - g + 0 + m. Give k(-5).
7
Let y(m) be the third derivative of m**4/12 + 2*m**3/3 + 55*m**2. Calculate y(3).
10
Let z(p) = -3*p + 53. Let f be z(16). Let c(a) = 2*a - 3. What is c(f)?
7
Let w be 404/44 + 4/(-22). Let n(d) = 0*d**3 + w*d**3 + 0*d**3. Give n(-1).
-9
Let t(b) be the third derivative of b**6/120 + b**5/60 + b**4/24 - b**3/3 + 2*b**2. Let i = -3 - -3. Give t(i).
-2
Let w(u) be the third derivative of 0 + 0*u + 2*u**2 + 1/2*u**3 - 1/60*u**5 + 1/6*u**4. Calculate w(4).
3
Let m(i) be the third derivative of -i**4/24 + 5*i**3/3 - 13*i**2. Give m(5).
5
Let m(q) be the second derivative of 1/6*q**3 + 0 + 10*q + 0*q**2. Suppose 20 = 3*y + 2*y. Determine m(y).
4
Let a(q) = -5 + 7 + q - q**2 + 4 - 1. Let f be a(0). Let b(w) = -w**2 + 3*w + 3. What is b(f)?
-7
Let x(i) = 19*i - 2. Let f(n) = -9*n + 1. Let m(b) = 5*f(b) + 2*x(b). Suppose -4*l - 1 = -w, 13*l + 10 = 8*l + 3*w. Determine m(l).
-6
Suppose 4*q - 21 = 5*j, -7 = -2*q + j - 2*j. Let c(s) be the second derivative of -3*s - 1/12*s**4 - 5/2*s**2 + 0 + 7/6*s**3. Calculate c(q).
7
Suppose -2*s = -s - 36. Let l be (-27)/s*4*1. Let w(k) = -k**3 - k**2 + k - 3. Calculate w(l).
12
Let q be -1 + (1 - (-4 - -2)). Let o(d) = -2*d**3 - d**2 + 3*d - 3. Calculate o(q).
-17
Let f(p) = -p. Suppose 3*m + m = 56. Suppose -v - 3*y - m = 3*v, v + 4*y = 3. Let k be f(v). Let w(d) = -2*d + 4. What is w(k)?
-6
Let g(p) = -2*p**2 + 3*p. Suppose 26*y + 2 = 27*y. What is g(y)?
-2
Let j(c) = -1. Let x(o) = -o**3 - 2*o**2 + 5*o - 5. Let a(z) = 6*j(z) - x(z). Suppose 0*u + 2*u = -3*v - 4, 0 = -2*u - 2*v. Suppose 0 = -q - u. What is a(q)?
-13
Suppose 0 = -3*i + s + 2, s - 2*s = 2*i - 8. Suppose i*g - 12 = -3*t + 13, 0 = -3*t + 3*g. Let n(a) = a**2 - 5*a - 3. What is n(t)?
-3
Let l(m) = -8*m**3 + 2*m**2 + 3*m + 2. Let q(v) = v**3 - v - 1. Let g(o) = l(o) + 3*q(o). Let y(d) = -3*d + d - 2*d + d**2 - 6. Let b be y(5). What is g(b)